- 2. Suppose -160 = 2*x + 2*x. Let w be ((-180)/x)/((-1)/(-6)). Calculate the greatest common divisor of w and u.
3
Let r be 58/(-8) - (-9)/(-12). Let n = 3 - r. What is the greatest common factor of n and 11?
11
Let l = 601 + -561. Let i(j) = j**3 - j**2 + j + 15. Let g be i(0). Suppose -u - 2*u = -g. What is the highest common divisor of u and l?
5
Let s(g) = 32*g + 17. Let k(h) = 16*h + 9. Let i(o) = 5*k(o) - 3*s(o). Let n be i(-2). What is the greatest common divisor of n and 286?
26
Let x(u) = 3*u**3 - 15*u**2 - 16*u + 5. Let k be x(6). What is the highest common factor of k and 17?
17
Suppose 5*t + i = 3*i + 785, 0 = t - 4*i - 157. Suppose -2*g = -3*m - 0*g + t, -5*g - 145 = -3*m. Calculate the greatest common factor of m and 5.
5
Suppose 3*l - 2257 = -k + 6*k, 5*l - 3775 = -5*k. What is the greatest common factor of 58 and l?
58
Let r(x) = -15*x**3 + 2*x + 1. Let v be r(-1). Suppose -5*w + 51 = -v. Suppose 11*a = 5*a + 78. Calculate the highest common factor of a and w.
13
Let m = -24 + 25. Let q(l) = 38*l - 2. Let w be q(m). Suppose -3*y + w = -144. Calculate the greatest common factor of 12 and y.
12
Suppose 10*o - 5837 = -767. Calculate the highest common divisor of 234 and o.
39
Suppose -y = -3*y - 8, 0 = 3*x + 5*y - 58. Calculate the highest common factor of x and 169.
13
Let f(o) = o**3 + 43*o**2 - 48*o - 6. Let m be f(-44). What is the greatest common factor of 238 and m?
34
Suppose g - w = 11, 29 = 2*g + w + 4. What is the greatest common factor of 12 and g?
12
Let m(o) = o**3 + 9*o**2 + 9*o + 9. Let u be (7 - 9) + (-7 - -1). Let y be m(u). Let q = 11 - y. What is the greatest common divisor of q and 30?
10
Let w be ((-3)/(-2))/(10 - 2517/252). What is the highest common factor of 27 and w?
9
Let g be (6 + 2)/(((-8)/6)/(-2)). Suppose -j = 2*h + 3, -j + g*h + 11 = 7*h. What is the highest common factor of j and 1?
1
Let q = -2231 - -2649. What is the highest common factor of q and 38?
38
Let w(y) = -3*y + 23. Let q be w(7). Let h be 4 - (1 + (q - 14)). Calculate the greatest common factor of 75 and h.
15
Suppose -27*g = -31*g + 40. Let j(m) = -31*m - 2. Let o = 6 + -8. Let l be j(o). What is the highest common factor of g and l?
10
Let g = 2768 + -1892. Calculate the highest common factor of 48 and g.
12
Let u be (-6)/(-6)*1062 - (-4 + 2). What is the highest common divisor of 14 and u?
14
Suppose -5*o = -46 + 26. Suppose 5*j - 4*j = o. What is the greatest common divisor of 32 and j?
4
Suppose -4*m + 31 = -4*p - 29, -5*p = 3*m - 85. Let k be -1 - -221 - (2 - 2). Calculate the highest common divisor of m and k.
20
Let w(j) = 2*j**2 + 11*j - 4. Let h be w(-8). Let u = -20 + h. Let k = 27 + 117. Calculate the greatest common factor of u and k.
16
Let h(p) = -3*p**2 + 95*p - 59. Let w be h(30). Let i = -26 - -39. What is the highest common divisor of i and w?
13
Let r be 1*(-6)/9*-3. Let i be 6/2 + 6 + -6. Let p be i + (-3)/(5 + -2). What is the highest common divisor of r and p?
2
Suppose 97 = -14*l + 5025. Calculate the greatest common divisor of 440 and l.
88
Let a be (180/(-35) + 6)/(1/7). Calculate the greatest common factor of a and 9.
3
Suppose -3*q = -5*t - 1699, 0 = -4*q - t + 2426 - 153. Calculate the greatest common factor of q and 8.
8
Let f(r) = 9*r - 30. Let u be f(-4). Let a be (273/42)/(1 + u/68). What is the highest common divisor of 17 and a?
17
Let s = 287 - 159. What is the highest common factor of s and 1216?
64
Let r(o) = o**3 - 5*o**2 + o. Let s = -27 - -32. Let b be r(s). Let z be ((-6)/2)/(6/(-80)). Calculate the highest common factor of b and z.
5
Let r(y) = y + 16. Let g be r(4). Calculate the highest common divisor of 160 and g.
20
Suppose -612 = 13*u - 7905. What is the greatest common divisor of u and 34?
17
Let j be 10*40/48*9. Calculate the greatest common divisor of 50 and j.
25
Let r = -16 + 16. Suppose 2*i = -4*n + 72, r = -2*n - 4 - 2. What is the highest common factor of i and 14?
14
Let a = 12 - 29. Let v be ((-51)/a)/(1/3). What is the highest common divisor of 99 and v?
9
Let b = -26 - -14. Let s(h) = -h**3 - 12*h**2 - h + 13. Let v be s(b). What is the highest common divisor of 5 and v?
5
Suppose -m + 0*l = -4*l - 58, 3*l = -2*m + 105. Calculate the greatest common divisor of m and 54.
54
Let g be (6/(-4))/1*3094/(-21). Calculate the greatest common factor of 17 and g.
17
Suppose 415 = 4*g - 25. Calculate the greatest common factor of 40 and g.
10
Let f = -269 + 355. Calculate the highest common factor of f and 430.
86
Let t = -43 - -68. Suppose -6*y + 2*y - 6 = 2*k, -t = 5*k. Let j be ((-4)/(-12))/(y/9). Calculate the greatest common divisor of j and 12.
3
Let t be 4/10 - (-6)/(-15). Suppose 14 = 4*d - r + 3*r, -r + 1 = t. What is the highest common factor of 21 and d?
3
Let g = 223 - 216. Let w(l) = -l + 6. Suppose -4*r + 11 = -p - 5, 2*p = 3*r - 7. Let o be w(r). Calculate the highest common divisor of o and g.
1
Let i = -8 + 14. Let m be i + -9 + 26 + 0. Suppose 3*b - m = -2. Calculate the greatest common divisor of 21 and b.
7
Suppose 2*b = 3*m + 432, 0*b + 5*m + 440 = 2*b. Calculate the highest common divisor of 35 and b.
35
Suppose 473 = v - 5*b, -5*b = -6*b + 3. What is the highest common factor of 32 and v?
8
Let h be (2/(-1))/(2/(-8)). Let a = 13 - h. Suppose -114 = -a*o - 3*p, -3*p = -0*p - 9. Calculate the greatest common divisor of o and 3.
3
Suppose -2*n = n + 3*f + 99, -5*n = 2*f + 165. Let v = -31 - n. Suppose -5*c + 53 = 2*p + 9, 0 = 4*p - 5*c - 28. Calculate the highest common factor of p and v.
2
Let j be 1 + (3 - 4) + 14. Suppose -g - 2*z + 230 = g, 3*z - 455 = -4*g. Suppose -184 = -3*n + g. What is the highest common divisor of n and j?
14
Let b(w) = 11*w**3 + 16*w - 27. Let k be b(2). What is the highest common divisor of 217 and k?
31
Let m = 26 + -2. Suppose -132 = -3*w - 3*n, -w + 0*w = -4*n - m. What is the highest common factor of 5 and w?
5
Suppose 0 = -2*c + 10*c - 1248. What is the greatest common factor of c and 8?
4
Suppose -4*k + 600 = 5*h, 635 = -h + 6*h - 3*k. Suppose 4 + 30 = -o. Let c = 65 + o. What is the highest common divisor of c and h?
31
Suppose -4*q - 1 = -9. Let m be -1*(q - (37 + 1)). Suppose 0 = -3*n + 8*n - 120. What is the highest common factor of n and m?
12
Suppose 4*w = -0*w + 1628. Let x(y) = -5*y - 25. Let h be x(-8). Let l = 22 + h. Calculate the highest common divisor of w and l.
37
Suppose 0 = -9*o + 25 + 65. What is the greatest common factor of o and 320?
10
Let k(l) = l**2 + 26*l - 39. Let z be k(-28). What is the highest common divisor of z and 1?
1
Let m be (370/(-25))/((-22)/55). Calculate the highest common factor of 8 and m.
1
Suppose -4*x - 212 = 5*w, -4*x - 170 = 4*w - x. Let d = w - -68. What is the greatest common factor of d and 60?
12
Let c(h) = -5*h**2 + 6*h - 17. Let o(a) = -6*a**2 + 5*a - 17. Let g(b) = -5*c(b) + 4*o(b). Let u be g(8). Calculate the highest common factor of 1 and u.
1
Let v(o) = o - 1. Let j be v(6). Let w = j - -3. Let r = -22 + 24. What is the greatest common divisor of w and r?
2
Let f = 1794 - 1755. Let s(m) = -3*m - 5. Let t be s(-6). Calculate the greatest common divisor of t and f.
13
Suppose 5*w + 0*l + l - 6960 = 0, l = -5. What is the highest common factor of w and 7?
7
Let z = -77 - -86. Suppose 4*h + z*k = 4*k + 156, 3*h - 128 = -k. Let p(y) = 7*y**2 + 2*y - 2. Let b be p(-2). What is the highest common divisor of b and h?
22
Let i = 651 + -87. What is the highest common factor of i and 12?
12
Let m(s) = s**3 - 11*s**2 + 2*s + 30. Let y be m(11). Let j = 79 - 4. Let w = j - y. What is the highest common divisor of 161 and w?
23
Let w = 3 - 3. Suppose -3*d - 5*j + 12 + 10 = w, -d + 2 = 3*j. Let a = 112 - 42. Calculate the highest common factor of a and d.
14
Let k = 64 + -55. Calculate the highest common factor of 63 and k.
9
Let w be -1*(-6)/(-8)*4/(-1). What is the highest common factor of 27 and w?
3
Let a(n) = n**3 + 22*n**2 - 11*n + 47. Let b be a(-20). Calculate the greatest common divisor of 97 and b.
97
Let j(d) = 92*d - 13. Let q be j(2). Suppose 4*r - 591 = -q. Calculate the highest common divisor of 15 and r.
15
Let l be (-551)/(-76) + (-3)/(-4). Let t = 2 + 1. Suppose l = 4*j + 3*c - 97, 3*j + t*c = 75. What is the greatest common factor of j and 30?
30
Let x be (-31)/(-1)*(-